{"id":967,"date":"2016-10-14T08:37:07","date_gmt":"2016-10-14T08:37:07","guid":{"rendered":"http:\/\/javiervarelactor.com\/?page_id=967"},"modified":"2026-02-13T16:50:59","modified_gmt":"2026-02-13T16:50:59","slug":"un-momento-duro","status":"publish","type":"page","link":"https:\/\/javiervarelactor.com\/?page_id=967","title":{"rendered":"Un momento duro"},"content":{"rendered":"<h4><span style=\"color: #000000;\">El espect\u00e1culo \u00ab<strong>Un momento duro de ahora, 5 pesetas de las de antes<\/strong>\u00bb es un\u00a0ingenioso formato teatral donde la <strong>m\u00fasica<\/strong> y el <strong>humor<\/strong> son los protagonistas.<\/span><\/h4>\n<h4><span style=\"color: #000000;\">Javier Varela y Miguel Granero ponen en escena textos y composiciones musicales originales, para todos los p\u00fablicos y con \u00e9xito demostrado. <\/span><\/h4>\n<h4><span style=\"color: #000000;\">El p\u00fablico del <em>teatro Alfil de Madrid<\/em>, el <em>Sal\u00f3n Teatro de Santiago de Compostela<\/em> o el <em>Auditorio Gustavo Freire<\/em>, entre otros, han podido disfrutar de este amable y divertido espect\u00e1culo.<img loading=\"lazy\" decoding=\"async\" class=\"size-medium wp-image-968 alignleft\" src=\"http:\/\/javiervarelactor.com\/wp-content\/uploads\/2016\/10\/un-momento-duro-204x300.jpg\" alt=\"un momento duro\" width=\"204\" height=\"300\" srcset=\"https:\/\/javiervarelactor.com\/wp-content\/uploads\/2016\/10\/un-momento-duro-204x300.jpg 204w, https:\/\/javiervarelactor.com\/wp-content\/uploads\/2016\/10\/un-momento-duro-696x1024.jpg 696w, https:\/\/javiervarelactor.com\/wp-content\/uploads\/2016\/10\/un-momento-duro.jpg 793w\" sizes=\"(max-width: 204px) 100vw, 204px\" \/><\/span><\/h4>\n<p><span style=\"color: #808080;\"><em>\u00abEl ser humano no est\u00e1\u00a0 gen\u00e9ticamente preparado para trabajar.<\/em><\/span><\/p>\n<p><span style=\"color: #808080;\"><em>\u00a0Si a veces piensas que tu vida es una mierda, y parece que las cosas no te van del todo bien, descubre que siempre tendr\u00e1s la capacidad de re\u00edrte de ti mismo. Y es que, como ya ver\u00e1s \u00a0\u201cUn momento duro de ahora\u2026 5 pesetas de las de antes\u201d.<\/em><\/span><\/p>\n<p><span style=\"color: #808080;\"><em>A trav\u00e9s de la m\u00fasica y el humor, el espectador disfrutar\u00e1 de un montaje lleno de giros donde re\u00edrse sobre asuntos cotidianos puede llegar a ser algo excepcional. Si el protagonista de este show ha sido capaz de re\u00edrse de sus momentos m\u00e1s duros, qu\u00e9 no ser\u00e1s capaz de hacer t\u00fa ahora que ha llegado el euro.<\/em><\/span><\/p>\n<p><span style=\"color: #808080;\"><em>\u00a0 \u2026Y eso que la risa no tiene precio.\u00bb<\/em><\/span><\/p>\n<h4><span style=\"color: #000000;\">En este v\u00eddeo puedes ver un resumen de \u00abUn Momento Duro de Ahora, 5 pesetas de las de Antes\u00bb. Imposible salir de ver el espect\u00e1culo sin quedar contagiado por su pegadiza m\u00fasica y con una enorme sonrisa dibujada. Humor limpio y necesario para estos d\u00edas.<\/span><\/h4>\n<div style=\"text-align: center;\">\n<h4><iframe loading=\"lazy\" src=\"https:\/\/www.youtube.com\/embed\/3jtj436emHs?list=PLhq_I49nengZxIcx8Mbr_R_1Cxq35fv5S\" width=\"360\" height=\"215\" frameborder=\"0\" allowfullscreen=\"allowfullscreen\"><\/iframe><\/h4>\n<p><a href=\"http:\/\/javiervarelactor.com\/wp-content\/uploads\/2016\/10\/MiguelyJavi.jpg\"><img loading=\"lazy\" decoding=\"async\" class=\"size-medium wp-image-969 alignleft\" src=\"http:\/\/javiervarelactor.com\/wp-content\/uploads\/2016\/10\/MiguelyJavi-300x169.jpg\" alt=\"un momento duro\" width=\"300\" height=\"169\" srcset=\"https:\/\/javiervarelactor.com\/wp-content\/uploads\/2016\/10\/MiguelyJavi-300x169.jpg 300w, https:\/\/javiervarelactor.com\/wp-content\/uploads\/2016\/10\/MiguelyJavi-1024x576.jpg 1024w, https:\/\/javiervarelactor.com\/wp-content\/uploads\/2016\/10\/MiguelyJavi.jpg 1920w\" sizes=\"(max-width: 300px) 100vw, 300px\" \/><\/a><\/p>\n<\/div>\n","protected":false},"excerpt":{"rendered":"<p>El espect\u00e1culo \u00abUn momento duro de ahora, 5 pesetas de las de antes\u00bb es un\u00a0ingenioso formato teatral donde la m\u00fasica y el humor son los protagonistas. Javier Varela y Miguel Granero ponen en escena textos y composiciones musicales originales, para todos los p\u00fablicos y con \u00e9xito demostrado. El p\u00fablico del teatro Alfil de Madrid, el <a class=\"read-more\" href=\"https:\/\/javiervarelactor.com\/?page_id=967\">Leer m\u00e1s<\/a><\/p>\n","protected":false},"author":1,"featured_media":0,"parent":15,"menu_order":1,"comment_status":"closed","ping_status":"closed","template":"","meta":{"_monsterinsights_skip_tracking":false,"_monsterinsights_sitenote_active":false,"_monsterinsights_sitenote_note":"","_monsterinsights_sitenote_category":0,"footnotes":""},"yoast_head":"<!-- This site is optimized with the Yoast SEO plugin v22.7 - https:\/\/yoast.com\/wordpress\/plugins\/seo\/ -->\n<title>Un momento duro de ahora, 5 pesetas de las de antes<\/title>\n<meta name=\"description\" content=\"Espect\u00e1culo teatral &quot;Un momento duro de ahora, 5 pesetas de las de antes&quot; representado por Javier Varela y Miguel Granero. Humor y m\u00fasica.\" \/>\n<meta name=\"robots\" content=\"index, follow, max-snippet:-1, max-image-preview:large, max-video-preview:-1\" \/>\n<link rel=\"canonical\" href=\"https:\/\/javiervarelactor.com\/?page_id=967\" \/>\n<meta property=\"og:locale\" content=\"es_ES\" \/>\n<meta property=\"og:type\" content=\"article\" \/>\n<meta property=\"og:title\" content=\"Un momento duro de ahora, 5 pesetas de las de antes\" \/>\n<meta property=\"og:description\" content=\"Espect\u00e1culo teatral &quot;Un momento duro de ahora, 5 pesetas de las de antes&quot; representado por Javier Varela y Miguel Granero. Humor y m\u00fasica.\" \/>\n<meta property=\"og:url\" content=\"https:\/\/javiervarelactor.com\/?page_id=967\" \/>\n<meta property=\"og:site_name\" content=\"Javier Varela\" \/>\n<meta property=\"article:publisher\" content=\"https:\/\/www.facebook.com\/pages\/Javier-Varela\/145894855509796?sk=info&amp;amp%3bamp%3bamp%3bamp%3btab=page_info\" \/>\n<meta property=\"article:modified_time\" content=\"2026-02-13T16:50:59+00:00\" \/>\n<meta property=\"og:image\" content=\"http:\/\/javiervarelactor.com\/wp-content\/uploads\/2016\/10\/un-momento-duro-204x300.jpg\" \/>\n<meta name=\"twitter:label1\" content=\"Tiempo de lectura\" \/>\n\t<meta name=\"twitter:data1\" content=\"2 minutos\" \/>\n<script type=\"application\/ld+json\" class=\"yoast-schema-graph\">{\"@context\":\"https:\/\/schema.org\",\"@graph\":[{\"@type\":\"WebPage\",\"@id\":\"https:\/\/javiervarelactor.com\/?page_id=967\",\"url\":\"https:\/\/javiervarelactor.com\/?page_id=967\",\"name\":\"Un momento duro de ahora, 5 pesetas de las de antes\",\"isPartOf\":{\"@id\":\"https:\/\/javiervarelactor.com\/#website\"},\"primaryImageOfPage\":{\"@id\":\"https:\/\/javiervarelactor.com\/?page_id=967#primaryimage\"},\"image\":{\"@id\":\"https:\/\/javiervarelactor.com\/?page_id=967#primaryimage\"},\"thumbnailUrl\":\"http:\/\/javiervarelactor.com\/wp-content\/uploads\/2016\/10\/un-momento-duro-204x300.jpg\",\"datePublished\":\"2016-10-14T08:37:07+00:00\",\"dateModified\":\"2026-02-13T16:50:59+00:00\",\"description\":\"Espect\u00e1culo teatral \\\"Un momento duro de ahora, 5 pesetas de las de antes\\\" representado por Javier Varela y Miguel Granero. Humor y m\u00fasica.\",\"breadcrumb\":{\"@id\":\"https:\/\/javiervarelactor.com\/?page_id=967#breadcrumb\"},\"inLanguage\":\"es\",\"potentialAction\":[{\"@type\":\"ReadAction\",\"target\":[\"https:\/\/javiervarelactor.com\/?page_id=967\"]}]},{\"@type\":\"ImageObject\",\"inLanguage\":\"es\",\"@id\":\"https:\/\/javiervarelactor.com\/?page_id=967#primaryimage\",\"url\":\"https:\/\/javiervarelactor.com\/wp-content\/uploads\/2016\/10\/un-momento-duro.jpg\",\"contentUrl\":\"https:\/\/javiervarelactor.com\/wp-content\/uploads\/2016\/10\/un-momento-duro.jpg\",\"width\":793,\"height\":1166},{\"@type\":\"BreadcrumbList\",\"@id\":\"https:\/\/javiervarelactor.com\/?page_id=967#breadcrumb\",\"itemListElement\":[{\"@type\":\"ListItem\",\"position\":1,\"name\":\"Inicio\",\"item\":\"https:\/\/javiervarelactor.com\/\"},{\"@type\":\"ListItem\",\"position\":2,\"name\":\"M\u00e1s cosas\",\"item\":\"https:\/\/javiervarelactor.com\/?page_id=15\"},{\"@type\":\"ListItem\",\"position\":3,\"name\":\"Un momento duro\"}]},{\"@type\":\"WebSite\",\"@id\":\"https:\/\/javiervarelactor.com\/#website\",\"url\":\"https:\/\/javiervarelactor.com\/\",\"name\":\"Javier Varela\",\"description\":\"Actor y Presentador\",\"potentialAction\":[{\"@type\":\"SearchAction\",\"target\":{\"@type\":\"EntryPoint\",\"urlTemplate\":\"https:\/\/javiervarelactor.com\/?s={search_term_string}\"},\"query-input\":\"required name=search_term_string\"}],\"inLanguage\":\"es\"}]}<\/script>\n<!-- \/ Yoast SEO plugin. -->","yoast_head_json":{"title":"Un momento duro de ahora, 5 pesetas de las de antes","description":"Espect\u00e1culo teatral \"Un momento duro de ahora, 5 pesetas de las de antes\" representado por Javier Varela y Miguel Granero. Humor y m\u00fasica.","robots":{"index":"index","follow":"follow","max-snippet":"max-snippet:-1","max-image-preview":"max-image-preview:large","max-video-preview":"max-video-preview:-1"},"canonical":"https:\/\/javiervarelactor.com\/?page_id=967","og_locale":"es_ES","og_type":"article","og_title":"Un momento duro de ahora, 5 pesetas de las de antes","og_description":"Espect\u00e1culo teatral \"Un momento duro de ahora, 5 pesetas de las de antes\" representado por Javier Varela y Miguel Granero. Humor y m\u00fasica.","og_url":"https:\/\/javiervarelactor.com\/?page_id=967","og_site_name":"Javier Varela","article_publisher":"https:\/\/www.facebook.com\/pages\/Javier-Varela\/145894855509796?sk=info&amp%3bamp%3bamp%3bamp%3btab=page_info","article_modified_time":"2026-02-13T16:50:59+00:00","og_image":[{"url":"http:\/\/javiervarelactor.com\/wp-content\/uploads\/2016\/10\/un-momento-duro-204x300.jpg"}],"twitter_misc":{"Tiempo de lectura":"2 minutos"},"schema":{"@context":"https:\/\/schema.org","@graph":[{"@type":"WebPage","@id":"https:\/\/javiervarelactor.com\/?page_id=967","url":"https:\/\/javiervarelactor.com\/?page_id=967","name":"Un momento duro de ahora, 5 pesetas de las de antes","isPartOf":{"@id":"https:\/\/javiervarelactor.com\/#website"},"primaryImageOfPage":{"@id":"https:\/\/javiervarelactor.com\/?page_id=967#primaryimage"},"image":{"@id":"https:\/\/javiervarelactor.com\/?page_id=967#primaryimage"},"thumbnailUrl":"http:\/\/javiervarelactor.com\/wp-content\/uploads\/2016\/10\/un-momento-duro-204x300.jpg","datePublished":"2016-10-14T08:37:07+00:00","dateModified":"2026-02-13T16:50:59+00:00","description":"Espect\u00e1culo teatral \"Un momento duro de ahora, 5 pesetas de las de antes\" representado por Javier Varela y Miguel Granero. Humor y m\u00fasica.","breadcrumb":{"@id":"https:\/\/javiervarelactor.com\/?page_id=967#breadcrumb"},"inLanguage":"es","potentialAction":[{"@type":"ReadAction","target":["https:\/\/javiervarelactor.com\/?page_id=967"]}]},{"@type":"ImageObject","inLanguage":"es","@id":"https:\/\/javiervarelactor.com\/?page_id=967#primaryimage","url":"https:\/\/javiervarelactor.com\/wp-content\/uploads\/2016\/10\/un-momento-duro.jpg","contentUrl":"https:\/\/javiervarelactor.com\/wp-content\/uploads\/2016\/10\/un-momento-duro.jpg","width":793,"height":1166},{"@type":"BreadcrumbList","@id":"https:\/\/javiervarelactor.com\/?page_id=967#breadcrumb","itemListElement":[{"@type":"ListItem","position":1,"name":"Inicio","item":"https:\/\/javiervarelactor.com\/"},{"@type":"ListItem","position":2,"name":"M\u00e1s cosas","item":"https:\/\/javiervarelactor.com\/?page_id=15"},{"@type":"ListItem","position":3,"name":"Un momento duro"}]},{"@type":"WebSite","@id":"https:\/\/javiervarelactor.com\/#website","url":"https:\/\/javiervarelactor.com\/","name":"Javier Varela","description":"Actor y Presentador","potentialAction":[{"@type":"SearchAction","target":{"@type":"EntryPoint","urlTemplate":"https:\/\/javiervarelactor.com\/?s={search_term_string}"},"query-input":"required name=search_term_string"}],"inLanguage":"es"}]}},"_links":{"self":[{"href":"https:\/\/javiervarelactor.com\/index.php?rest_route=\/wp\/v2\/pages\/967"}],"collection":[{"href":"https:\/\/javiervarelactor.com\/index.php?rest_route=\/wp\/v2\/pages"}],"about":[{"href":"https:\/\/javiervarelactor.com\/index.php?rest_route=\/wp\/v2\/types\/page"}],"author":[{"embeddable":true,"href":"https:\/\/javiervarelactor.com\/index.php?rest_route=\/wp\/v2\/users\/1"}],"replies":[{"embeddable":true,"href":"https:\/\/javiervarelactor.com\/index.php?rest_route=%2Fwp%2Fv2%2Fcomments&post=967"}],"version-history":[{"count":5,"href":"https:\/\/javiervarelactor.com\/index.php?rest_route=\/wp\/v2\/pages\/967\/revisions"}],"predecessor-version":[{"id":2085,"href":"https:\/\/javiervarelactor.com\/index.php?rest_route=\/wp\/v2\/pages\/967\/revisions\/2085"}],"up":[{"embeddable":true,"href":"https:\/\/javiervarelactor.com\/index.php?rest_route=\/wp\/v2\/pages\/15"}],"wp:attachment":[{"href":"https:\/\/javiervarelactor.com\/index.php?rest_route=%2Fwp%2Fv2%2Fmedia&parent=967"}],"curies":[{"name":"wp","href":"https:\/\/api.w.org\/{rel}","templated":true}]}}

<h4><span style="color: #000000;">El espectáculo «<strong>Un momento duro de ahora, 5 pesetas de las de antes</strong>» es un ingenioso formato teatral donde la <strong>música</strong> y el <strong>humor</strong> son los protagonistas.</span></h4>
<h4><span style="color: #000000;">Javier Varela y Miguel Granero ponen en escena textos y composiciones musicales originales, para todos los públicos y con éxito demostrado. </span></h4>
<h4><span style="color: #000000;">El público del <em>teatro Alfil de Madrid</em>, el <em>Salón Teatro de Santiago de Compostela</em> o el <em>Auditorio Gustavo Freire</em>, entre otros, han podido disfrutar de este amable y divertido espectáculo.<img loading="lazy" decoding="async" class="size-medium wp-image-968 alignleft" src="http://javiervarelactor.com/wp-content/uploads/2016/10/un-momento-duro-204x300.jpg" alt="un momento duro" width="204" height="300" srcset="https://javiervarelactor.com/wp-content/uploads/2016/10/un-momento-duro-204x300.jpg 204w, https://javiervarelactor.com/wp-content/uploads/2016/10/un-momento-duro-696x1024.jpg 696w, https://javiervarelactor.com/wp-content/uploads/2016/10/un-momento-duro.jpg 793w" sizes="(max-width: 204px) 100vw, 204px" /></span></h4>
<p><span style="color: #808080;"><em>«El ser humano no está  genéticamente preparado para trabajar.</em></span></p>
<p><span style="color: #808080;"><em> Si a veces piensas que tu vida es una mierda, y parece que las cosas no te van del todo bien, descubre que siempre tendrás la capacidad de reírte de ti mismo. Y es que, como ya verás  “Un momento duro de ahora… 5 pesetas de las de antes”.</em></span></p>
<p><span style="color: #808080;"><em>A través de la música y el humor, el espectador disfrutará de un montaje lleno de giros donde reírse sobre asuntos cotidianos puede llegar a ser algo excepcional. Si el protagonista de este show ha sido capaz de reírse de sus momentos más duros, qué no serás capaz de hacer tú ahora que ha llegado el euro.</em></span></p>
<p><span style="color: #808080;"><em>  …Y eso que la risa no tiene precio.»</em></span></p>
<h4><span style="color: #000000;">En este vídeo puedes ver un resumen de «Un Momento Duro de Ahora, 5 pesetas de las de Antes». Imposible salir de ver el espectáculo sin quedar contagiado por su pegadiza música y con una enorme sonrisa dibujada. Humor limpio y necesario para estos días.</span></h4>
<div style="text-align: center;">
<h4><iframe loading="lazy" src="https://www.youtube.com/embed/3jtj436emHs?list=PLhq_I49nengZxIcx8Mbr_R_1Cxq35fv5S" width="360" height="215" frameborder="0" allowfullscreen="allowfullscreen"></iframe></h4>
<p><a href="http://javiervarelactor.com/wp-content/uploads/2016/10/MiguelyJavi.jpg"><img loading="lazy" decoding="async" class="size-medium wp-image-969 alignleft" src="http://javiervarelactor.com/wp-content/uploads/2016/10/MiguelyJavi-300x169.jpg" alt="un momento duro" width="300" height="169" srcset="https://javiervarelactor.com/wp-content/uploads/2016/10/MiguelyJavi-300x169.jpg 300w, https://javiervarelactor.com/wp-content/uploads/2016/10/MiguelyJavi-1024x576.jpg 1024w, https://javiervarelactor.com/wp-content/uploads/2016/10/MiguelyJavi.jpg 1920w" sizes="(max-width: 300px) 100vw, 300px" /></a></p>
</div>

<p>El espectáculo «Un momento duro de ahora, 5 pesetas de las de antes» es un ingenioso formato teatral donde la música y el humor son los protagonistas. Javier Varela y Miguel Granero ponen en escena textos y composiciones musicales originales, para todos los públicos y con éxito demostrado. El público del teatro Alfil de Madrid, el <a class="read-more" href="https://javiervarelactor.com/?page_id=967">Leer más</a></p>

<!-- This site is optimized with the Yoast SEO plugin v22.7 - https://yoast.com/wordpress/plugins/seo/ -->
<title>Un momento duro de ahora, 5 pesetas de las de antes</title>
<meta name="description" content="Espectáculo teatral &quot;Un momento duro de ahora, 5 pesetas de las de antes&quot; representado por Javier Varela y Miguel Granero. Humor y música." />
<meta name="robots" content="index, follow, max-snippet:-1, max-image-preview:large, max-video-preview:-1" />
<link rel="canonical" href="https://javiervarelactor.com/?page_id=967" />
<meta property="og:locale" content="es_ES" />
<meta property="og:type" content="article" />
<meta property="og:title" content="Un momento duro de ahora, 5 pesetas de las de antes" />
<meta property="og:description" content="Espectáculo teatral &quot;Un momento duro de ahora, 5 pesetas de las de antes&quot; representado por Javier Varela y Miguel Granero. Humor y música." />
<meta property="og:url" content="https://javiervarelactor.com/?page_id=967" />
<meta property="og:site_name" content="Javier Varela" />
<meta property="article:publisher" content="https://www.facebook.com/pages/Javier-Varela/145894855509796?sk=info&amp;amp%3bamp%3bamp%3bamp%3btab=page_info" />
<meta property="article:modified_time" content="2026-02-13T16:50:59+00:00" />
<meta property="og:image" content="http://javiervarelactor.com/wp-content/uploads/2016/10/un-momento-duro-204x300.jpg" />
<meta name="twitter:label1" content="Tiempo de lectura" />
	<meta name="twitter:data1" content="2 minutos" />
<script type="application/ld+json" class="yoast-schema-graph">{"@context":"https://schema.org","@graph":[{"@type":"WebPage","@id":"https://javiervarelactor.com/?page_id=967","url":"https://javiervarelactor.com/?page_id=967","name":"Un momento duro de ahora, 5 pesetas de las de antes","isPartOf":{"@id":"https://javiervarelactor.com/#website"},"primaryImageOfPage":{"@id":"https://javiervarelactor.com/?page_id=967#primaryimage"},"image":{"@id":"https://javiervarelactor.com/?page_id=967#primaryimage"},"thumbnailUrl":"http://javiervarelactor.com/wp-content/uploads/2016/10/un-momento-duro-204x300.jpg","datePublished":"2016-10-14T08:37:07+00:00","dateModified":"2026-02-13T16:50:59+00:00","description":"Espectáculo teatral \"Un momento duro de ahora, 5 pesetas de las de antes\" representado por Javier Varela y Miguel Granero. Humor y música.","breadcrumb":{"@id":"https://javiervarelactor.com/?page_id=967#breadcrumb"},"inLanguage":"es","potentialAction":[{"@type":"ReadAction","target":["https://javiervarelactor.com/?page_id=967"]}]},{"@type":"ImageObject","inLanguage":"es","@id":"https://javiervarelactor.com/?page_id=967#primaryimage","url":"https://javiervarelactor.com/wp-content/uploads/2016/10/un-momento-duro.jpg","contentUrl":"https://javiervarelactor.com/wp-content/uploads/2016/10/un-momento-duro.jpg","width":793,"height":1166},{"@type":"BreadcrumbList","@id":"https://javiervarelactor.com/?page_id=967#breadcrumb","itemListElement":[{"@type":"ListItem","position":1,"name":"Inicio","item":"https://javiervarelactor.com/"},{"@type":"ListItem","position":2,"name":"Más cosas","item":"https://javiervarelactor.com/?page_id=15"},{"@type":"ListItem","position":3,"name":"Un momento duro"}]},{"@type":"WebSite","@id":"https://javiervarelactor.com/#website","url":"https://javiervarelactor.com/","name":"Javier Varela","description":"Actor y Presentador","potentialAction":[{"@type":"SearchAction","target":{"@type":"EntryPoint","urlTemplate":"https://javiervarelactor.com/?s={search_term_string}"},"query-input":"required name=search_term_string"}],"inLanguage":"es"}]}</script>
<!-- / Yoast SEO plugin. -->

Espectáculo teatral "Un momento duro de ahora, 5 pesetas de las de antes" representado por Javier Varela y Miguel Granero. Humor y música.

Más cosas
