{"id":331,"date":"2015-05-21T12:26:12","date_gmt":"2015-05-21T12:26:12","guid":{"rendered":"http:\/\/javiervarelactor.com\/?page_id=331"},"modified":"2020-11-24T15:50:48","modified_gmt":"2020-11-24T15:50:48","slug":"lo-ultimo-2","status":"publish","type":"page","link":"https:\/\/javiervarelactor.com\/?page_id=331","title":{"rendered":"noticias"},"content":{"rendered":"<p>Javier Varela actor, presentador y monologuista. Actor televisi\u00f3n gallega. Actor cine. Actor vers\u00e1til. Presentador. Actor teatro.<\/p>\n<p>Artista gallego que trabaja en toda Espa\u00f1a llevando su estilo profesional y comprometido en cada espect\u00e1culo. Amplia experiencia en presentaci\u00f3n de eventos, espect\u00e1culos y todo tipo de programas de televisi\u00f3n, especialmente de humor.<\/p>\n<p>Gran capacidad de aprendizaje, memorizaci\u00f3n e interpretaci\u00f3n sobre escena y ante la c\u00e1mara. Javier Varela actor gallego, presentador y profesional en teatro, cine y televisi\u00f3n.<\/p>\n<p>Javier Varela actor cine. Actor televisi\u00f3n. Actor series. Monologuista en Galicia. Monologuista en Madrid. Mon\u00f3logos en Madrid. Mon\u00f3logos en Galicia- Presentador\u00a0eventos Madrid. Presentador eventos Galicia.<\/p>\n","protected":false},"excerpt":{"rendered":"<p>Javier Varela actor, presentador y monologuista. Actor televisi\u00f3n gallega. Actor cine. Actor vers\u00e1til. Presentador. Actor teatro. Artista gallego que trabaja en toda Espa\u00f1a llevando su estilo profesional y comprometido en cada espect\u00e1culo. Amplia experiencia en presentaci\u00f3n de eventos, espect\u00e1culos y todo tipo de programas de televisi\u00f3n, especialmente de humor. Gran capacidad de aprendizaje, memorizaci\u00f3n e <a class=\"read-more\" href=\"https:\/\/javiervarelactor.com\/?page_id=331\">Leer m\u00e1s<\/a><\/p>\n","protected":false},"author":1,"featured_media":0,"parent":0,"menu_order":0,"comment_status":"closed","ping_status":"closed","template":"","meta":{"_monsterinsights_skip_tracking":false,"_monsterinsights_sitenote_active":false,"_monsterinsights_sitenote_note":"","_monsterinsights_sitenote_category":0,"footnotes":""},"yoast_head":"<!-- This site is optimized with the Yoast SEO plugin v22.7 - https:\/\/yoast.com\/wordpress\/plugins\/seo\/ -->\n<title>-Javier Varela actor, presentador y monologuista.<\/title>\n<meta name=\"description\" content=\"Javier Varela actor, presentador y monologuista. Artista gallego que trabaja en toda Espa\u00f1a llevando su estilo profesional y comprometido en cada espect\u00e1culo.\" \/>\n<meta name=\"robots\" content=\"index, follow, max-snippet:-1, max-image-preview:large, max-video-preview:-1\" \/>\n<link rel=\"canonical\" href=\"https:\/\/javiervarelactor.com\/?page_id=331\" \/>\n<meta property=\"og:locale\" content=\"es_ES\" \/>\n<meta property=\"og:type\" content=\"article\" \/>\n<meta property=\"og:title\" content=\"-Javier Varela actor, presentador y monologuista.\" \/>\n<meta property=\"og:description\" content=\"Javier Varela actor, presentador y monologuista. Artista gallego que trabaja en toda Espa\u00f1a llevando su estilo profesional y comprometido en cada espect\u00e1culo.\" \/>\n<meta property=\"og:url\" content=\"https:\/\/javiervarelactor.com\/?page_id=331\" \/>\n<meta property=\"og:site_name\" content=\"Javier Varela\" \/>\n<meta property=\"article:publisher\" content=\"https:\/\/www.facebook.com\/pages\/Javier-Varela\/145894855509796?sk=info&amp;amp%3bamp%3bamp%3bamp%3btab=page_info\" \/>\n<meta property=\"article:modified_time\" content=\"2020-11-24T15:50:48+00:00\" \/>\n<meta name=\"twitter:label1\" content=\"Tiempo de lectura\" \/>\n\t<meta name=\"twitter:data1\" content=\"1 minuto\" \/>\n<script type=\"application\/ld+json\" class=\"yoast-schema-graph\">{\"@context\":\"https:\/\/schema.org\",\"@graph\":[{\"@type\":[\"WebPage\",\"CollectionPage\"],\"@id\":\"https:\/\/javiervarelactor.com\/?page_id=331\",\"url\":\"https:\/\/javiervarelactor.com\/?page_id=331\",\"name\":\"-Javier Varela actor, presentador y monologuista.\",\"isPartOf\":{\"@id\":\"https:\/\/javiervarelactor.com\/#website\"},\"datePublished\":\"2015-05-21T12:26:12+00:00\",\"dateModified\":\"2020-11-24T15:50:48+00:00\",\"description\":\"Javier Varela actor, presentador y monologuista. Artista gallego que trabaja en toda Espa\u00f1a llevando su estilo profesional y comprometido en cada espect\u00e1culo.\",\"breadcrumb\":{\"@id\":\"https:\/\/javiervarelactor.com\/?page_id=331#breadcrumb\"},\"inLanguage\":\"es\"},{\"@type\":\"BreadcrumbList\",\"@id\":\"https:\/\/javiervarelactor.com\/?page_id=331#breadcrumb\",\"itemListElement\":[{\"@type\":\"ListItem\",\"position\":1,\"name\":\"Inicio\",\"item\":\"https:\/\/javiervarelactor.com\/\"},{\"@type\":\"ListItem\",\"position\":2,\"name\":\"noticias\"}]},{\"@type\":\"WebSite\",\"@id\":\"https:\/\/javiervarelactor.com\/#website\",\"url\":\"https:\/\/javiervarelactor.com\/\",\"name\":\"Javier Varela\",\"description\":\"Actor y Presentador\",\"potentialAction\":[{\"@type\":\"SearchAction\",\"target\":{\"@type\":\"EntryPoint\",\"urlTemplate\":\"https:\/\/javiervarelactor.com\/?s={search_term_string}\"},\"query-input\":\"required name=search_term_string\"}],\"inLanguage\":\"es\"}]}<\/script>\n<!-- \/ Yoast SEO plugin. -->","yoast_head_json":{"title":"-Javier Varela actor, presentador y monologuista.","description":"Javier Varela actor, presentador y monologuista. Artista gallego que trabaja en toda Espa\u00f1a llevando su estilo profesional y comprometido en cada espect\u00e1culo.","robots":{"index":"index","follow":"follow","max-snippet":"max-snippet:-1","max-image-preview":"max-image-preview:large","max-video-preview":"max-video-preview:-1"},"canonical":"https:\/\/javiervarelactor.com\/?page_id=331","og_locale":"es_ES","og_type":"article","og_title":"-Javier Varela actor, presentador y monologuista.","og_description":"Javier Varela actor, presentador y monologuista. Artista gallego que trabaja en toda Espa\u00f1a llevando su estilo profesional y comprometido en cada espect\u00e1culo.","og_url":"https:\/\/javiervarelactor.com\/?page_id=331","og_site_name":"Javier Varela","article_publisher":"https:\/\/www.facebook.com\/pages\/Javier-Varela\/145894855509796?sk=info&amp%3bamp%3bamp%3bamp%3btab=page_info","article_modified_time":"2020-11-24T15:50:48+00:00","twitter_misc":{"Tiempo de lectura":"1 minuto"},"schema":{"@context":"https:\/\/schema.org","@graph":[{"@type":["WebPage","CollectionPage"],"@id":"https:\/\/javiervarelactor.com\/?page_id=331","url":"https:\/\/javiervarelactor.com\/?page_id=331","name":"-Javier Varela actor, presentador y monologuista.","isPartOf":{"@id":"https:\/\/javiervarelactor.com\/#website"},"datePublished":"2015-05-21T12:26:12+00:00","dateModified":"2020-11-24T15:50:48+00:00","description":"Javier Varela actor, presentador y monologuista. Artista gallego que trabaja en toda Espa\u00f1a llevando su estilo profesional y comprometido en cada espect\u00e1culo.","breadcrumb":{"@id":"https:\/\/javiervarelactor.com\/?page_id=331#breadcrumb"},"inLanguage":"es"},{"@type":"BreadcrumbList","@id":"https:\/\/javiervarelactor.com\/?page_id=331#breadcrumb","itemListElement":[{"@type":"ListItem","position":1,"name":"Inicio","item":"https:\/\/javiervarelactor.com\/"},{"@type":"ListItem","position":2,"name":"noticias"}]},{"@type":"WebSite","@id":"https:\/\/javiervarelactor.com\/#website","url":"https:\/\/javiervarelactor.com\/","name":"Javier Varela","description":"Actor y Presentador","potentialAction":[{"@type":"SearchAction","target":{"@type":"EntryPoint","urlTemplate":"https:\/\/javiervarelactor.com\/?s={search_term_string}"},"query-input":"required name=search_term_string"}],"inLanguage":"es"}]}},"_links":{"self":[{"href":"https:\/\/javiervarelactor.com\/index.php?rest_route=\/wp\/v2\/pages\/331"}],"collection":[{"href":"https:\/\/javiervarelactor.com\/index.php?rest_route=\/wp\/v2\/pages"}],"about":[{"href":"https:\/\/javiervarelactor.com\/index.php?rest_route=\/wp\/v2\/types\/page"}],"author":[{"embeddable":true,"href":"https:\/\/javiervarelactor.com\/index.php?rest_route=\/wp\/v2\/users\/1"}],"replies":[{"embeddable":true,"href":"https:\/\/javiervarelactor.com\/index.php?rest_route=%2Fwp%2Fv2%2Fcomments&post=331"}],"version-history":[{"count":8,"href":"https:\/\/javiervarelactor.com\/index.php?rest_route=\/wp\/v2\/pages\/331\/revisions"}],"predecessor-version":[{"id":1671,"href":"https:\/\/javiervarelactor.com\/index.php?rest_route=\/wp\/v2\/pages\/331\/revisions\/1671"}],"wp:attachment":[{"href":"https:\/\/javiervarelactor.com\/index.php?rest_route=%2Fwp%2Fv2%2Fmedia&parent=331"}],"curies":[{"name":"wp","href":"https:\/\/api.w.org\/{rel}","templated":true}]}}

<p>Javier Varela actor, presentador y monologuista. Actor televisión gallega. Actor cine. Actor versátil. Presentador. Actor teatro.</p>
<p>Artista gallego que trabaja en toda España llevando su estilo profesional y comprometido en cada espectáculo. Amplia experiencia en presentación de eventos, espectáculos y todo tipo de programas de televisión, especialmente de humor.</p>
<p>Gran capacidad de aprendizaje, memorización e interpretación sobre escena y ante la cámara. Javier Varela actor gallego, presentador y profesional en teatro, cine y televisión.</p>
<p>Javier Varela actor cine. Actor televisión. Actor series. Monologuista en Galicia. Monologuista en Madrid. Monólogos en Madrid. Monólogos en Galicia- Presentador eventos Madrid. Presentador eventos Galicia.</p>

<p>Javier Varela actor, presentador y monologuista. Actor televisión gallega. Actor cine. Actor versátil. Presentador. Actor teatro. Artista gallego que trabaja en toda España llevando su estilo profesional y comprometido en cada espectáculo. Amplia experiencia en presentación de eventos, espectáculos y todo tipo de programas de televisión, especialmente de humor. Gran capacidad de aprendizaje, memorización e <a class="read-more" href="https://javiervarelactor.com/?page_id=331">Leer más</a></p>

<!-- This site is optimized with the Yoast SEO plugin v22.7 - https://yoast.com/wordpress/plugins/seo/ -->
<title>-Javier Varela actor, presentador y monologuista.</title>
<meta name="description" content="Javier Varela actor, presentador y monologuista. Artista gallego que trabaja en toda España llevando su estilo profesional y comprometido en cada espectáculo." />
<meta name="robots" content="index, follow, max-snippet:-1, max-image-preview:large, max-video-preview:-1" />
<link rel="canonical" href="https://javiervarelactor.com/?page_id=331" />
<meta property="og:locale" content="es_ES" />
<meta property="og:type" content="article" />
<meta property="og:title" content="-Javier Varela actor, presentador y monologuista." />
<meta property="og:description" content="Javier Varela actor, presentador y monologuista. Artista gallego que trabaja en toda España llevando su estilo profesional y comprometido en cada espectáculo." />
<meta property="og:url" content="https://javiervarelactor.com/?page_id=331" />
<meta property="og:site_name" content="Javier Varela" />
<meta property="article:publisher" content="https://www.facebook.com/pages/Javier-Varela/145894855509796?sk=info&amp;amp%3bamp%3bamp%3bamp%3btab=page_info" />
<meta property="article:modified_time" content="2020-11-24T15:50:48+00:00" />
<meta name="twitter:label1" content="Tiempo de lectura" />
	<meta name="twitter:data1" content="1 minuto" />
<script type="application/ld+json" class="yoast-schema-graph">{"@context":"https://schema.org","@graph":[{"@type":["WebPage","CollectionPage"],"@id":"https://javiervarelactor.com/?page_id=331","url":"https://javiervarelactor.com/?page_id=331","name":"-Javier Varela actor, presentador y monologuista.","isPartOf":{"@id":"https://javiervarelactor.com/#website"},"datePublished":"2015-05-21T12:26:12+00:00","dateModified":"2020-11-24T15:50:48+00:00","description":"Javier Varela actor, presentador y monologuista. Artista gallego que trabaja en toda España llevando su estilo profesional y comprometido en cada espectáculo.","breadcrumb":{"@id":"https://javiervarelactor.com/?page_id=331#breadcrumb"},"inLanguage":"es"},{"@type":"BreadcrumbList","@id":"https://javiervarelactor.com/?page_id=331#breadcrumb","itemListElement":[{"@type":"ListItem","position":1,"name":"Inicio","item":"https://javiervarelactor.com/"},{"@type":"ListItem","position":2,"name":"noticias"}]},{"@type":"WebSite","@id":"https://javiervarelactor.com/#website","url":"https://javiervarelactor.com/","name":"Javier Varela","description":"Actor y Presentador","potentialAction":[{"@type":"SearchAction","target":{"@type":"EntryPoint","urlTemplate":"https://javiervarelactor.com/?s={search_term_string}"},"query-input":"required name=search_term_string"}],"inLanguage":"es"}]}</script>
<!-- / Yoast SEO plugin. -->

Javier Varela actor, presentador y monologuista. Artista gallego que trabaja en toda España llevando su estilo profesional y comprometido en cada espectáculo.
